 are the prime factors of d?
11
Let p(s) = -5*s**3 - 3*s**2 + 2. Let w be p(-3). Suppose -5*a - 2*x + w = 0, -4*x = -3*a - a + 88. List the prime factors of a.
2, 11
Let g = 32 - 8. Let w(d) = d - 12. Let r be w(0). Let f = r + g. List the prime factors of f.
2, 3
What are the prime factors of 0 - (4496/(-16) - (1 - -2))?
2, 71
Let i = 332 - 95. List the prime factors of i.
3, 79
Let f = 11 - -14. List the prime factors of f.
5
Let q = 2 - -3. Suppose 3*a = 5*l + 41, q*a - 2*l + 0*l = 62. What are the prime factors of a?
2, 3
Suppose 4*i + z - 1072 = 0, -4*i - 10*z + 1068 = -8*z. List the prime factors of i.
269
Suppose -18 = -3*o - 3. Suppose o*q = 23 + 12. Let x = -5 + q. What are the prime factors of x?
2
Suppose 0 = 2*m - 6, -j + 47 = 5*m - 2*m. List the prime factors of j.
2, 19
Let i(n) = -n + 5. Let z be i(-4). Let c(v) = v**3 - 9*v**2 + 4*v - 14. List the prime factors of c(z).
2, 11
Let l(i) = 5*i**2 - 3*i + 2. Let f be l(1). Suppose 2*w - f*w = 5*p - 100, 3*p + 281 = 5*w. What are the prime factors of w?
5, 11
Suppose -2*d - 3*p = d - 372, 5*d - 614 = p. List the prime factors of d.
3, 41
Let c = 4 - -2. Let b(m) = m - 1. List the prime factors of b(c).
5
Let x = 56 - 31. Let i = x - 15. Suppose -2*y - i = -4*y. What are the prime factors of y?
5
Let m(z) = 14*z**2 - 2*z + 1. Let t be m(-2). Suppose 0 = 3*v - 3, 3*n - v - 43 = t. What are the prime factors of n?
5, 7
Let o be -2 + 10 - 2/(-1). What are the prime factors of (8/5)/(4/o)?
2
Suppose -4*t + 0*t + 12 = 0, -z - t = -21. What are the prime factors of z?
2, 3
Suppose 0 = 3*v + 3*g - 363, g + 131 = v - 0*g. List the prime factors of v.
2, 3, 7
Let m be 2*6/(-4) + 3. Suppose o + 3*c - 1 = m, -3*o + 17 = -0*c + 2*c. What are the prime factors of o?
7
Let q = -22 - -44. List the prime factors of q.
2, 11
Suppose d - 2*d + 3 = 0. Let v(l) = -7*l**d + l**3 - 2 + 3. What are the prime factors of v(-1)?
7
Suppose a - 104 = -3*a. What are the prime factors of a?
2, 13
Suppose -129 = -3*z + 18. Suppose 4 - z = -3*y. List the prime factors of y.
3, 5
List the prime factors of (-4)/34 - (-22668)/204.
3, 37
Let y(m) = -m**3 - 7*m**2 - 6*m - 8. Let c be y(-6). Let s = -1 - c. List the prime factors of s.
7
Suppose 4*i - 8*i = -48. Suppose -5*j - 13 = -2*o, 5*o + j = -0*j + 19. Suppose -2*n + y + 3 = -o*y, y = -n + i. List the prime factors of n.
3
Suppose 1109 = 4*w + 317. Suppose 5*n - w + 53 = 0. What are the prime factors of n?
29
What are the prime factors of (87/(6 - 3))/1?
29
Suppose -418 = -3*p + c, -2*c = 4*p + c - 579. List the prime factors of p.
3, 47
Let o(a) = a**2 + 1 - a**2 + a + a**2. Let c be o(-2). Suppose -3*m = w + 3*w, 5*m + 11 = -c*w. What are the prime factors of w?
3
Let q(l) = -l**2 - 7*l - 2. Let j(w) = w**2 + 7*w + 1. Let g(h) = -2*j(h) - 3*q(h). Let x be g(-3). What are the prime factors of (-2)/x + (-23)/(-4)?
2, 3
Let y be 3*(-1 - (1 - 3)). Suppose -3 = h + 3*x, y + 0 = -x. List the prime factors of h.
2, 3
Let s = 33 - 5. What are the prime factors of s?
2, 7
Suppose j - 569 = -2*u, 5*u = j - 2*j + 1427. What are the prime factors of u?
2, 11, 13
Suppose -8 = -4*l - 0*l, -2*l - 28 = -4*p. Suppose 4*q = p*q. Suppose -4*b = 4*u - 32, q*b + 3*b - 5*u - 48 = 0. What are the prime factors of b?
11
Suppose -4*v - 2*x = 214, 7*v + 266 = 2*v - 2*x. What are the prime factors of (-698)/(-26) + (-8)/v?
3
Let m(c) = c**2 - c. Let s(y) = -3*y**2 - 8*y + 6. Let f(o) = -4*m(o) - s(o). List the prime factors of f(8).
2, 13
Suppose 2*t + 9 = 55. List the prime factors of t.
23
Suppose 2 = 3*z - 1, i - 4*z - 43 = 0. List the prime factors of i.
47
Let q(g) = -13*g + 23. What are the prime factors of q(-9)?
2, 5, 7
Suppose -m = -3*g - 24 - 19, 3*m - 94 = 2*g. List the prime factors of m.
2, 7
Suppose 0 = -5*i - 2 + 17. List the prime factors of i.
3
Suppose -4*c - c + 562 = -v, -5*v = 5*c - 550. Suppose -c = -2*b + 4*l, -5*b + 3*l - 2*l = -325. Suppose 3*z = -0*z + b. List the prime factors of z.
2, 11
Let a(b) = 7*b**2 - 3*b - 5. What are the prime factors of a(-6)?
5, 53
Suppose -6*h - 25 = -h, -4*c + 2*h + 442 = 0. List the prime factors of c.
2, 3
Suppose -3 + 29 = 2*z. List the prime factors of z.
13
Suppose 2*w + 64 = 6*w. List the prime factors of w.
2
List the prime factors of 5 + (174 - (3 - 7)).
3, 61
Suppose -5*j = 5*d - 810, -3*j + 5*d + 486 = 3*d. List the prime factors of (8 - 3)*j/15.
2, 3
List the prime factors of 20/(8/2) + 56.
61
Suppose -5*c - 4 = -19. Suppose c*z = 55 + 5. What are the prime factors of z?
2, 5
Suppose -6*k = 90 + 60. Let o = -9 - k. What are the prime factors of o?
2
Suppose 147 = 3*q - 216. List the prime factors of q.
11
Suppose 0 = -7*r + 262 + 1005. What are the prime factors of r?
181
Suppose -10 = 5*s - z, -2*z + 2 = -4*s - 6. List the prime factors of s*5/(15/(-63)).
2, 3, 7
Suppose 5*m - 68 = -c, m + 228 = 5*c - 2*m. Suppose 0 = -4*x + 128 + c. What are the prime factors of x?
2, 11
Suppose -o + 56 + 263 = 0. List the prime factors of o.
11, 29
Suppose -2*y + 0*y = -4*m - 8, 3*y = -3*m + 12. Suppose -40 = -4*j - m*s + 4*s, -5*j = s - 80. List the prime factors of j.
3, 5
Let l = 110 - 74. List the prime factors of l.
2, 3
Let x(b) = -b**3 - b**2. Let t(j) = -j**2 - j. Let s(m) = t(m) - x(m). Let d be s(1). Suppose -g - 3*g + 40 = d. List the prime factors of g.
2, 5
Suppose -9*k = -1055 - 781. What are the prime factors of k?
2, 3, 17
Suppose -5*h = 5*a + 30, -3*h = -h + 3*a + 17. Let y(w) = -11*w**3 + w - 3*w - 3*w - 1 + 4*w. List the prime factors of y(h).
11
Suppose 0 = 2*l - 0*l - 10. Suppose -3*j - 4 = l*i, -2 = j + i - 4. Suppose -n + j = 2. What are the prime factors of n?
5
Let b = 6 + -2. Let o = 7 - b. List the prime factors of o.
3
Let t be 0 - (-3 + (-8)/(-4)). What are the prime factors of t - -6*6/9?
5
Let x(b) = -b**3 + b**2 - b. Let k(v) = -2*v**3 - 2*v**2 - 9*v - 7. Let c(y) = -k(y) + 3*x(y). Let u = 5 + 1. What are the prime factors of c(u)?
7
Let n(o) = 51*o**2 - o + 1. Let c be n(1). Suppose -t + 24 = -3*d, -5*t = 5*d - 211 + c. What are the prime factors of t?
2, 3, 5
Let u = -1 - 0. Let r = 1 + u. Suppose g - 2*p - 10 = 0, r*g + 2*p - 6 = -3*g. What are the prime factors of g?
2
Let r(u) = u**2 + 5*u - 7. Let x be r(-6). Let w be -1 - (2 - (x + 5)). Suppose 0*l - w = -l + d, 3*d - 3 = l. What are the prime factors of l?
3
Let g(l) = -3 - 4 + 2*l - 5*l. What are the prime factors of g(-6)?
11
Let c(l) = -3*l - 6. Let f(a) = -1. Let x(i) = c(i) - 2*f(i). List the prime factors of x(-3).
5
Suppose q + 2 = 3*b, -3*q + 0*q = -b - 18. Let z = q + 12. Let h = -10 + z. What are the prime factors of h?
3
Suppose 2*y = 4*k, 5*y = 2*y + 3*k. Suppose y = -4*t + 8*t - 8. List the prime factors of t.
2
Let a be 3/(-9) + (-1)/(-3). Let x(c) = -c**2 + 4. Let n be x(a). Suppose 0*k = -2*k + n. List the prime factors of k.
2
Suppose h + x - 89 = 0, x - 2 = -5*h + 427. What are the prime factors of h?
5, 17
Suppose 4*w - 3*o + 4*o = 335, -3*o = 15. List the prime factors of w.
5, 17
Let y be ((-2)/4)/(1/(-2)). Suppose 2*f + 6 = -d + 17, 0 = d - 2*f + y. Suppose -d*z + 15 = -0*z. List the prime factors of z.
3
What are the prime factors of (((-186)/(-4))/((-12)/(-80)))/2?
5, 31
Let y = -4 - -2. Let s be -1*((-140)/2 + y). Suppose 5*v + 17 = s. What are the prime factors of v?
11
Let v = 30 + -22. Let n(r) = r**2 - 4*r - 3. List the prime factors of n(v).
29
Suppose -c - 1 + 3 = 0, 5*x = -2*c + 54. What are the prime factors of (0 + 2)*(2 + x)?
2, 3
Let q(l) = -l**2 - 8*l - 12. Let k be q(-3). Let g be ((-28)/6)/((-2)/6). Suppose 0 = k*s - 62 + g. What are the prime factors of s?
2
Suppose -2*g + 45 = -43. List the prime factors of g.
2, 11
Suppose 0 = -0*j + 4*j. Let c = -16 + j. Let h = c - -28. What are the prime factors of h?
2, 3
Let m = -9 + 16. Suppose -3*g = 2*c - m*c + 280, 0 = -5*c + 4*g + 285. What are the prime factors of c?
53
Suppose 6*n - 25 = n. What are the prime factors of n*3*11/15?
11
Let q(f) = -f**3 + 5*f**2 + 2*f - 5. Let z be q(5). Suppose z*c + 35 = 160. What are the prime factors of c?
5
Suppose 1757 = 12*j - 1615. What are the prime factors of j?
281
Suppose 131 = 2*a - 181. List the prime factors of a.
2, 3, 13
What are the prime factors of -3 - -6 - (1 + -20)?
2, 11
Suppose a - 1 + 4 = 0, 5*l - 538